{"id":4943,"date":"2014-11-14T06:28:11","date_gmt":"2014-11-14T05:28:11","guid":{"rendered":"http:\/\/zeyn.detheme.com\/?page_id=4943"},"modified":"2026-02-10T20:42:18","modified_gmt":"2026-02-10T19:42:18","slug":"blogger","status":"publish","type":"page","link":"https:\/\/www.auxjardinsdessens.com\/?page_id=4943","title":{"rendered":"Nos services"},"content":{"rendered":"<!--- start vc_row --><div class=\"container dt-container\"><div class=\"wpb_row vc_row-fluid vc_custom_detheme1\">\n\t<div class=\"vc_span12 wpb_column column_container\">\n\t\t<div class=\"wpb_wrapper\">\n\t\t\t\n\t<div class=\"wpb_accordion wpb_content_element  not-column-inherit\" data-collapsible=yes data-active-tab=\"1\">\n\t\t<div class=\"wpb_wrapper wpb_accordion_wrapper ui-accordion\">\n\t\t\t\n\t\t\t<div class=\"wpb_accordion_section group\">\n\t\t\t\t<h3 class=\"wpb_accordion_header ui-accordion-header\"><a href=\"#prestations-cles-en-main\">PRESTATIONS CLES EN MAIN<\/a><\/h3>\n\t\t\t\t<div class=\"wpb_accordion_content ui-accordion-content vc_clearfix\">\n\t\t\t\t<!--- start vc_row_inner --><div id=\"animations\" class=\"wpb_row vc_row-fluid vc_custom_1422540644006\">\n\t<div class=\"vc_span3 wpb_column column_container\">\n\t\t<div class=\"wpb_wrapper\">\n\t\t\t\n\t<div class=\"wpb_text_column wpb_content_element \">\n\t\t<div class=\"wpb_wrapper\">\n\t\t\t<h4 class=\"p1\" style=\"text-align: justify;\">Vous avez besoin d\u2019un appui sur un aspect de votre \u00e9v\u00e9nement, ou vous souhaitez l\u2019organisation compl\u00e8te de votre r\u00e9ception ? Nous sommes \u00e0 vos c\u00f4t\u00e9s pour\u00a0r\u00e9aliser des\u00a0prestations dimensionn\u00e9es selon vos attentes. Assembl\u00e9e g\u00e9n\u00e9rale des actionnaires, conf\u00e9rence, visite priv\u00e9e dans un Mus\u00e9e, soir\u00e9e croisi\u00e8re, Aux Jardins des Sens selon votre cahier des charges vous propose des prestations cl\u00e9s en main.<\/h4>\n<h4 style=\"text-align: justify;\">Des concepts cr\u00e9atifs sp\u00e9cialement con\u00e7us et parfaitement orchestr\u00e9 o\u00f9 le bon et le beau s&rsquo;harmonisent id\u00e9alement.<\/h4>\n\n\t\t<\/div> \n\t<\/div> \n\t<div class=\"wpb_text_column wpb_content_element \">\n\t\t<div class=\"wpb_wrapper\">\n\t\t\t<h2 style=\"text-align: center;\"><span style=\"font-family: 'Josefin Slab';\">R\u00e9ceptions Priv\u00e9es\u00a0<\/span><\/h2>\n\n\t\t<\/div> \n\t<\/div> \n\t<div class=\"wpb_text_column wpb_content_element \">\n\t\t<div class=\"wpb_wrapper\">\n\t\t\t<p style=\"text-align: justify;\">Mariage\u00a0: Faite confiance \u00e0 Aux Jardins des Sens pour organiser l\u2019\u00e9v\u00e9nement de votre vie. Nous d\u00e9finirons avec vous le concept cr\u00e9atif qui cr\u00e9era la magie et rendra ce moment inoubliable et gourmand. F\u00eate de famille, anniversaire, c\u00e9l\u00e9bration religieuse\u2026<\/p>\n\n\t\t<\/div> \n\t<\/div> \n\t\t<\/div> \n\t<\/div> \n\n\t<div class=\"vc_span3 wpb_column column_container\">\n\t\t<div class=\"wpb_wrapper\">\n\t\t\t\n\t<div class=\"wpb_text_column wpb_content_element \">\n\t\t<div class=\"wpb_wrapper\">\n\t\t\t<h2 style=\"text-align: center;\"><span style=\"font-family: 'Josefin Slab';\">Poses de Premi\u00e8re\u00a0Pierre<\/span><\/h2>\n\n\t\t<\/div> \n\t<\/div> \n\t<div class=\"wpb_text_column wpb_content_element \">\n\t\t<div class=\"wpb_wrapper\">\n\t\t\t<p style=\"text-align: justify;\">Pour les poses de premi\u00e8re pierre, nous nous occupons pour vous de l\u2019int\u00e9gralit\u00e9 de ces manifestations complexes. Tente, groupe \u00e9lectrog\u00e8ne, sonorisation, \u00e9clairage&#8230;<\/p>\n\n\t\t<\/div> \n\t<\/div> \n\t<div class=\"wpb_text_column wpb_content_element \">\n\t\t<div class=\"wpb_wrapper\">\n\t\t\t<h2 style=\"text-align: center;\"><span style=\"font-family: 'Josefin Slab';\">Salons Professionnels\u00a0<\/span><\/h2>\n\n\t\t<\/div> \n\t<\/div> \n\t<div class=\"wpb_text_column wpb_content_element \">\n\t\t<div class=\"wpb_wrapper\">\n\t\t\t<p style=\"text-align: justify;\">Les salons professionnels restent l\u2019occasion privil\u00e9gi\u00e9e de recevoir vos clients, vos collaborateurs et tous vos partenaires. Cocktails d\u2019ouverture, conf\u00e9rences de presse, pr\u00e9sentation de produits\u2026<\/p>\n\n\t\t<\/div> \n\t<\/div> \n\t<div class=\"wpb_text_column wpb_content_element \">\n\t\t<div class=\"wpb_wrapper\">\n\t\t\t<h2 style=\"text-align: center;\"><span style=\"font-family: 'Josefin Slab';\">Soir\u00e9es d\u2019Entreprises<\/span><\/h2>\n\n\t\t<\/div> \n\t<\/div> \n\t<div class=\"wpb_text_column wpb_content_element \">\n\t\t<div class=\"wpb_wrapper\">\n\t\t\t<p style=\"text-align: justify;\">Rassembler et renforcer la coh\u00e9sion de vos d\u2019\u00e9quipes lors d\u2019une journ\u00e9e d\u2019\u00e9change et de partage. Soir\u00e9e karting, bowling, casino, poker, muser party\u2026<\/p>\n\n\t\t<\/div> \n\t<\/div> \n\t\t<\/div> \n\t<\/div> \n\n\t<div class=\"vc_span6 wpb_column column_container\">\n\t\t<div class=\"wpb_wrapper\">\n\t\t\t\n\t\t<\/div> \n\t<\/div> \n<\/div><!--- end vc_row_inner --><!--- start vc_row_inner --><div class=\"wpb_row vc_row-fluid vc_custom_1416841234542\">\n\t<div class=\"vc_span12 wpb_column column_container\">\n\t\t<div class=\"wpb_wrapper\">\n\t\t\t\n\t<div class=\"wpb_text_column wpb_content_element  vc_custom_1422384458717 wpb_animate_when_almost_visible wpb_appear\">\n\t\t<div class=\"wpb_wrapper\">\n\t\t\t\n\t\t<\/div> \n\t<\/div> \n\t\t<\/div> \n\t<\/div> \n<\/div><!--- end vc_row_inner -->\n\t\t\t\t<\/div>\n\t\t\t<\/div> \n\n\t\t\t<div class=\"wpb_accordion_section group\">\n\t\t\t\t<h3 class=\"wpb_accordion_header ui-accordion-header\"><a href=\"#ambiances-et-decorations-florales\">AMBIANCES ET DECORATIONS FLORALES<\/a><\/h3>\n\t\t\t\t<div class=\"wpb_accordion_content ui-accordion-content vc_clearfix\">\n\t\t\t\t<!--- start vc_row_inner --><div id=\"decorations\" class=\"wpb_row vc_row-fluid\">\n\t<div class=\"vc_span12 wpb_column column_container\">\n\t\t<div class=\"wpb_wrapper\">\n\t\t\t\n\t<div class=\"wpb_text_column wpb_content_element \">\n\t\t<div class=\"wpb_wrapper\">\n\t\t\t<p style=\"text-align: justify;\">Pour que chaque r\u00e9ception soit un moment unique et parfaitement orchestr\u00e9, o\u00f9 le bon et le beau s&rsquo;harmonisent id\u00e9alement, Aux Jardins des Sens\u00a0associe talents et savoir-faire techniques et artistiques.\u00a0Entre les doigts experts de nos fleuristes naissent des bouquets d\u00e9licats, spectaculaires, contemporains ou champ\u00eatres&#8230; Chez Aux Jardins des Sens\u00a0chaque composition est unique et exprime, avec des fleurs, l&rsquo;esprit d&rsquo;un cocktail, d&rsquo;un d\u00eener ou d&rsquo;une soir\u00e9e.<\/p>\n\n\t\t<\/div> \n\t<\/div> \n\t\t<\/div> \n\t<\/div> \n<\/div><!--- end vc_row_inner --><!--- start vc_row_inner --><div class=\"wpb_row vc_row-fluid\">\n\t<div class=\"vc_span4 wpb_column column_container\">\n\t\t<div class=\"wpb_wrapper\">\n\t\t\t\n\t\t<\/div> \n\t<\/div> \n\n\t<div class=\"vc_span4 wpb_column column_container\">\n\t\t<div class=\"wpb_wrapper\">\n\t\t\t\n\t\t<\/div> \n\t<\/div> \n\n\t<div class=\"vc_span4 wpb_column column_container\">\n\t\t<div class=\"wpb_wrapper\">\n\t\t\t\n\t\t<\/div> \n\t<\/div> \n<\/div><!--- end vc_row_inner -->\n\t\t\t\t<\/div>\n\t\t\t<\/div> \n\n\t\t<\/div> \n\t<\/div> \n\t\t<\/div> \n\t<\/div> \n<\/div><\/div><!--- end vc_row -->\n","protected":false},"excerpt":{"rendered":"PRESTATIONS CLES EN MAIN Vous avez besoin d\u2019un appui sur un aspect de votre \u00e9v\u00e9nement, ou vous souhaitez l\u2019organisation compl\u00e8te de votre r\u00e9ception ? Nous sommes \u00e0 vos c\u00f4t\u00e9s pour\u00a0r\u00e9aliser des\u00a0prestations dimensionn\u00e9es selon vos attentes. Assembl\u00e9e g\u00e9n\u00e9rale des actionnaires, conf\u00e9rence, visite priv\u00e9e dans un Mus\u00e9e, soir\u00e9e croisi\u00e8re, Aux Jardins des Sens selon votre cahier des&hellip;","protected":false},"author":1,"featured_media":0,"parent":0,"menu_order":0,"comment_status":"open","ping_status":"open","template":"fullwidth.php","meta":{"sfsi_plus_gutenberg_text_before_share":"","sfsi_plus_gutenberg_show_text_before_share":"","sfsi_plus_gutenberg_icon_type":"","sfsi_plus_gutenberg_icon_alignemt":"","sfsi_plus_gutenburg_max_per_row":"","footnotes":""},"class_list":["post-4943","page","type-page","status-publish","hentry"],"_links":{"self":[{"href":"https:\/\/www.auxjardinsdessens.com\/index.php?rest_route=\/wp\/v2\/pages\/4943","targetHints":{"allow":["GET"]}}],"collection":[{"href":"https:\/\/www.auxjardinsdessens.com\/index.php?rest_route=\/wp\/v2\/pages"}],"about":[{"href":"https:\/\/www.auxjardinsdessens.com\/index.php?rest_route=\/wp\/v2\/types\/page"}],"author":[{"embeddable":true,"href":"https:\/\/www.auxjardinsdessens.com\/index.php?rest_route=\/wp\/v2\/users\/1"}],"replies":[{"embeddable":true,"href":"https:\/\/www.auxjardinsdessens.com\/index.php?rest_route=%2Fwp%2Fv2%2Fcomments&post=4943"}],"version-history":[{"count":237,"href":"https:\/\/www.auxjardinsdessens.com\/index.php?rest_route=\/wp\/v2\/pages\/4943\/revisions"}],"predecessor-version":[{"id":12328,"href":"https:\/\/www.auxjardinsdessens.com\/index.php?rest_route=\/wp\/v2\/pages\/4943\/revisions\/12328"}],"wp:attachment":[{"href":"https:\/\/www.auxjardinsdessens.com\/index.php?rest_route=%2Fwp%2Fv2%2Fmedia&parent=4943"}],"curies":[{"name":"wp","href":"https:\/\/api.w.org\/{rel}","templated":true}]}}

<!--- start vc_row --><div class="container dt-container"><div class="wpb_row vc_row-fluid vc_custom_detheme1">
	<div class="vc_span12 wpb_column column_container">
		<div class="wpb_wrapper">
			
	<div class="wpb_accordion wpb_content_element  not-column-inherit" data-collapsible=yes data-active-tab="1">
		<div class="wpb_wrapper wpb_accordion_wrapper ui-accordion">
			
			<div class="wpb_accordion_section group">
				<h3 class="wpb_accordion_header ui-accordion-header"><a href="#prestations-cles-en-main">PRESTATIONS CLES EN MAIN</a></h3>
				<div class="wpb_accordion_content ui-accordion-content vc_clearfix">
				<!--- start vc_row_inner --><div id="animations" class="wpb_row vc_row-fluid vc_custom_1422540644006">
	<div class="vc_span3 wpb_column column_container">
		<div class="wpb_wrapper">
			
	<div class="wpb_text_column wpb_content_element ">
		<div class="wpb_wrapper">
			<h4 class="p1" style="text-align: justify;">Vous avez besoin d’un appui sur un aspect de votre événement, ou vous souhaitez l’organisation complète de votre réception ? Nous sommes à vos côtés pour réaliser des prestations dimensionnées selon vos attentes. Assemblée générale des actionnaires, conférence, visite privée dans un Musée, soirée croisière, Aux Jardins des Sens selon votre cahier des charges vous propose des prestations clés en main.</h4>
<h4 style="text-align: justify;">Des concepts créatifs spécialement conçus et parfaitement orchestré où le bon et le beau s&rsquo;harmonisent idéalement.</h4>

		</div> 
	</div> 
	<div class="wpb_text_column wpb_content_element ">
		<div class="wpb_wrapper">
			<h2 style="text-align: center;"><span style="font-family: 'Josefin Slab';">Réceptions Privées </span></h2>

		</div> 
	</div> 
	<div class="wpb_text_column wpb_content_element ">
		<div class="wpb_wrapper">
			<p style="text-align: justify;">Mariage : Faite confiance à Aux Jardins des Sens pour organiser l’événement de votre vie. Nous définirons avec vous le concept créatif qui créera la magie et rendra ce moment inoubliable et gourmand. Fête de famille, anniversaire, célébration religieuse…</p>

		</div> 
	</div> 
		</div> 
	</div> 

	<div class="vc_span3 wpb_column column_container">
		<div class="wpb_wrapper">
			
	<div class="wpb_text_column wpb_content_element ">
		<div class="wpb_wrapper">
			<h2 style="text-align: center;"><span style="font-family: 'Josefin Slab';">Poses de Première Pierre</span></h2>

		</div> 
	</div> 
	<div class="wpb_text_column wpb_content_element ">
		<div class="wpb_wrapper">
			<p style="text-align: justify;">Pour les poses de première pierre, nous nous occupons pour vous de l’intégralité de ces manifestations complexes. Tente, groupe électrogène, sonorisation, éclairage&#8230;</p>

		</div> 
	</div> 
	<div class="wpb_text_column wpb_content_element ">
		<div class="wpb_wrapper">
			<h2 style="text-align: center;"><span style="font-family: 'Josefin Slab';">Salons Professionnels </span></h2>

		</div> 
	</div> 
	<div class="wpb_text_column wpb_content_element ">
		<div class="wpb_wrapper">
			<p style="text-align: justify;">Les salons professionnels restent l’occasion privilégiée de recevoir vos clients, vos collaborateurs et tous vos partenaires. Cocktails d’ouverture, conférences de presse, présentation de produits…</p>

		</div> 
	</div> 
	<div class="wpb_text_column wpb_content_element ">
		<div class="wpb_wrapper">
			<h2 style="text-align: center;"><span style="font-family: 'Josefin Slab';">Soirées d’Entreprises</span></h2>

		</div> 
	</div> 
	<div class="wpb_text_column wpb_content_element ">
		<div class="wpb_wrapper">
			<p style="text-align: justify;">Rassembler et renforcer la cohésion de vos d’équipes lors d’une journée d’échange et de partage. Soirée karting, bowling, casino, poker, muser party…</p>

		</div> 
	</div> 
		</div> 
	</div> 

	<div class="vc_span6 wpb_column column_container">
		<div class="wpb_wrapper">
			
		</div> 
	</div> 
</div><!--- end vc_row_inner --><!--- start vc_row_inner --><div class="wpb_row vc_row-fluid vc_custom_1416841234542">
	<div class="vc_span12 wpb_column column_container">
		<div class="wpb_wrapper">
			
	<div class="wpb_text_column wpb_content_element  vc_custom_1422384458717 wpb_animate_when_almost_visible wpb_appear">
		<div class="wpb_wrapper">
			
		</div> 
	</div> 
		</div> 
	</div> 
</div><!--- end vc_row_inner -->
				</div>
			</div> 

			<div class="wpb_accordion_section group">
				<h3 class="wpb_accordion_header ui-accordion-header"><a href="#ambiances-et-decorations-florales">AMBIANCES ET DECORATIONS FLORALES</a></h3>
				<div class="wpb_accordion_content ui-accordion-content vc_clearfix">
				<!--- start vc_row_inner --><div id="decorations" class="wpb_row vc_row-fluid">
	<div class="vc_span12 wpb_column column_container">
		<div class="wpb_wrapper">
			
	<div class="wpb_text_column wpb_content_element ">
		<div class="wpb_wrapper">
			<p style="text-align: justify;">Pour que chaque réception soit un moment unique et parfaitement orchestré, où le bon et le beau s&rsquo;harmonisent idéalement, Aux Jardins des Sens associe talents et savoir-faire techniques et artistiques. Entre les doigts experts de nos fleuristes naissent des bouquets délicats, spectaculaires, contemporains ou champêtres&#8230; Chez Aux Jardins des Sens chaque composition est unique et exprime, avec des fleurs, l&rsquo;esprit d&rsquo;un cocktail, d&rsquo;un dîner ou d&rsquo;une soirée.</p>

		</div> 
	</div> 
		</div> 
	</div> 
</div><!--- end vc_row_inner --><!--- start vc_row_inner --><div class="wpb_row vc_row-fluid">
	<div class="vc_span4 wpb_column column_container">
		<div class="wpb_wrapper">
			
		</div> 
	</div> 

	<div class="vc_span4 wpb_column column_container">
		<div class="wpb_wrapper">
			
		</div> 
	</div> 

	<div class="vc_span4 wpb_column column_container">
		<div class="wpb_wrapper">
			
		</div> 
	</div> 
</div><!--- end vc_row_inner -->
				</div>
			</div> 

		</div> 
	</div> 
		</div> 
	</div> 
</div></div><!--- end vc_row -->

PRESTATIONS CLES EN MAIN Vous avez besoin d’un appui sur un aspect de votre événement, ou vous souhaitez l’organisation complète de votre réception ? Nous sommes à vos côtés pour réaliser des prestations dimensionnées selon vos attentes. Assemblée générale des actionnaires, conférence, visite privée dans un Musée, soirée croisière, Aux Jardins des Sens selon votre cahier des&hellip;
